{"id":56,"date":"2025-09-19T14:53:04","date_gmt":"2025-09-19T12:53:04","guid":{"rendered":"http:\/\/localhost:8888\/wordpress\/?page_id=56"},"modified":"2026-01-18T15:14:18","modified_gmt":"2026-01-18T14:14:18","slug":"mes-activites","status":"publish","type":"page","link":"https:\/\/valerieandrerichiardi.fr\/index.php\/mes-activites\/","title":{"rendered":"Mes activit\u00e9s"},"content":{"rendered":"\n<div class=\"wp-block-columns is-layout-flex wp-container-core-columns-is-layout-28f84493 wp-block-columns-is-layout-flex\">\n<div class=\"wp-block-column is-layout-flow wp-block-column-is-layout-flow\">\n<h2 class=\"wp-block-heading has-text-align-center\">S\u00e9ances \u00e0 domicile<\/h2>\n<\/div>\n\n\n\n<div class=\"wp-block-column is-layout-flow wp-block-column-is-layout-flow\">\n<h2 class=\"wp-block-heading has-text-align-center\">S\u00e9ances en structure<\/h2>\n<\/div>\n\n\n\n<div class=\"wp-block-column is-layout-flow wp-block-column-is-layout-flow\">\n<h2 class=\"wp-block-heading has-text-align-center\">Sulky<\/h2>\n<\/div>\n<\/div>\n\n\n\n<div class=\"wp-block-columns is-layout-flex wp-container-core-columns-is-layout-28f84493 wp-block-columns-is-layout-flex\">\n<div class=\"wp-block-column is-vertically-aligned-stretch is-content-justification-center is-layout-constrained wp-block-column-is-layout-constrained\" style=\"flex-basis:33.34%\">\n<p class=\"has-text-align-left\" style=\"margin-top:0;margin-right:var(--wp--preset--spacing--20);margin-bottom:0;margin-left:var(--wp--preset--spacing--20)\">\u00ab En tant que zooth\u00e9rapeute, j\u2019interviens \u00e0 domicile pour des s\u00e9ances individuelles d\u2019une heure, avec pour objectifs le maintien de l\u2019autonomie, la lutte contre l\u2019isolement, et la stimulation de la m\u00e9moire et de la motricit\u00e9 fine. \u00c0 domicile, les paiements peuvent \u00eatre effectu\u00e9s par ch\u00e8que CESU. Par ailleurs, j\u2019interviens \u00e9galement dans les \u00e9tablissements, tels que les EHPAD, les SAJ, les FAM, et les accueils de jour, o\u00f9 je collabore avec les \u00e9quipes pluridisciplinaires pour adapter les interventions. \u00bb<\/p>\n\n\n\n<p class=\"has-text-align-left\" style=\"margin-top:0;margin-right:var(--wp--preset--spacing--20);margin-bottom:0;margin-left:var(--wp--preset--spacing--20)\"><\/p>\n<\/div>\n\n\n\n<div class=\"wp-block-column is-vertically-aligned-top is-layout-flow wp-block-column-is-layout-flow\" style=\"flex-basis:33.34%\">\n<p><\/p>\n\n\n\n<figure class=\"wp-block-video\"><video height=\"1280\" style=\"aspect-ratio: 574 \/ 1280;\" width=\"574\" controls src=\"https:\/\/valerieandrerichiardi.fr\/wp-content\/uploads\/2025\/12\/Video-pres-perroquet.mp4\"><\/video><\/figure>\n<\/div>\n\n\n\n<div class=\"wp-block-column is-layout-flow wp-block-column-is-layout-flow\" style=\"flex-basis:33.33%\">\n<p>Disponible pour les anniversaires et divers \u00e9v\u00e9nements.<\/p>\n\n\n\n<figure class=\"wp-block-video\"><video height=\"1280\" style=\"aspect-ratio: 718 \/ 1280;\" width=\"718\" controls muted src=\"https:\/\/valerieandrerichiardi.fr\/wp-content\/uploads\/2025\/12\/Sulky.mp4\"><\/video><\/figure>\n<\/div>\n<\/div>\n\n\n\n<p><\/p>\n","protected":false},"excerpt":{"rendered":"<p>S\u00e9ances \u00e0 domicile S\u00e9ances en structure Sulky \u00ab En tant que zooth\u00e9rapeute, j\u2019interviens \u00e0 domicile pour des s\u00e9ances individuelles d\u2019une heure, avec pour objectifs le maintien de l\u2019autonomie, la lutte contre l\u2019isolement, et la stimulation de la m\u00e9moire et de la motricit\u00e9 fine. \u00c0 domicile, les paiements peuvent \u00eatre effectu\u00e9s par ch\u00e8que CESU. Par ailleurs, [&hellip;]<\/p>\n","protected":false},"author":1,"featured_media":0,"parent":0,"menu_order":0,"comment_status":"closed","ping_status":"closed","template":"","meta":{"footnotes":""},"class_list":["post-56","page","type-page","status-publish","hentry"],"_links":{"self":[{"href":"https:\/\/valerieandrerichiardi.fr\/index.php\/wp-json\/wp\/v2\/pages\/56","targetHints":{"allow":["GET"]}}],"collection":[{"href":"https:\/\/valerieandrerichiardi.fr\/index.php\/wp-json\/wp\/v2\/pages"}],"about":[{"href":"https:\/\/valerieandrerichiardi.fr\/index.php\/wp-json\/wp\/v2\/types\/page"}],"author":[{"embeddable":true,"href":"https:\/\/valerieandrerichiardi.fr\/index.php\/wp-json\/wp\/v2\/users\/1"}],"replies":[{"embeddable":true,"href":"https:\/\/valerieandrerichiardi.fr\/index.php\/wp-json\/wp\/v2\/comments?post=56"}],"version-history":[{"count":8,"href":"https:\/\/valerieandrerichiardi.fr\/index.php\/wp-json\/wp\/v2\/pages\/56\/revisions"}],"predecessor-version":[{"id":122,"href":"https:\/\/valerieandrerichiardi.fr\/index.php\/wp-json\/wp\/v2\/pages\/56\/revisions\/122"}],"wp:attachment":[{"href":"https:\/\/valerieandrerichiardi.fr\/index.php\/wp-json\/wp\/v2\/media?parent=56"}],"curies":[{"name":"wp","href":"https:\/\/api.w.org\/{rel}","templated":true}]}}